Let r(s) = s**3 - 6*s**2 + 2*s - 5. Let w = -6 + 9. Suppose -4 + 1 = w*v, 23 = -2*d - 5*v. Let l = 15 + d. Determine r(l).
7
Let d be -2*22/11*(-2 + 0). Let f(z) = -z**3 + 10*z**2 - 10*z - 6. Calculate f(d).
42
Let m be (78/(-24) - -3)*-52. Let l(z) = z**2 - 12*z - 4. Give l(m).
9
Let c be (-3)/9 - 13/(-3). Let h(v) = -v + v**2 - c*v - 2*v. Suppose -35*a + 285 = 22*a. What is h(a)?
-10
Let g(x) be the third derivative of x**7/5040 - x**6/240 + 2*x**5/15 - x**2. Let m(a) be the third derivative of g(a). Let z be -5 + 2 + 0/2. Give m(z).
-6
Suppose 21*d + 91 + 245 = 0. Let u(p) = 5*p + 74. What is u(d)?
-6
Let k(l) = -3*l**2 + l + 2. Let n(a) = -a**2 - 7*a - 7. Let s be n(-4). Suppose 0*w - 9 = -3*w + p, -2*w = s*p + 11. Calculate k(w).
-8
Suppose 4*u - 10 = -0*z + z, 3*u = -3*z + 30. Let n(b) = -b**2 + 4*b + 12. Give n(z).
0
Let j(c) be the second derivative of c**4/12 - c**3 + 5*c**2 + 230*c. Give j(5).
5
Let n(d) = 3*d + 2. Let x(i) = 19*i - 28. Let t(k) = -3*n(k) + x(k). Determine t(3).
-4
Suppose k + 9 - 17 = 0. Let m(v) = k - 5 - 1 - v + 3. Let r = 1 + 4. Give m(r).
0
Suppose 14 = -5*o + 34. Let u(b) = -5*b**3 + 5*b**2 + 2*b - 9. Let f(c) = -4*c**3 + 5*c**2 + c - 8. Let p(z) = 4*f(z) - 3*u(z). Calculate p(o).
3
Let i be 0 - 1/(-1) - 5. Let y(d) be the third derivative of -5/6*d**3 + 0*d - 10*d**2 - 1/6*d**4 + 0. Calculate y(i).
11
Let u = -129 + 145. Suppose 5*c = -6 + u. Let s(b) = -2*b**2 + 4*b - 2. What is s(c)?
-2
Let d(g) = 4*g**2 + 4*g - 66. Let u(w) = -w**2 - w + 17. Let l(k) = -2*d(k) - 9*u(k). Determine l(0).
-21
Let g(b) = 2*b + 8. Let o(w) = -4*w - 16. Suppose -5*r - 40 + 15 = 0. Let q(c) = r*g(c) - 2*o(c). Determine q(-7).
6
Suppose 0*m + 24 = 4*k + 3*m, 30 = 5*k + m. Suppose -u - 25 = -k*u. Suppose u*b = -12 + 2. Let v(f) = f**3 + f**2 + f. Determine v(b).
-6
Let w = -50 + 53. Let o(t) = -t - t**3 - 70 + 2*t**w + 75. Give o(0).
5
Let n(w) = -8*w**3 + 2*w**2 - 1. Let z(r) = 4 + 3*r**3 - r - 4*r**3 - 11 + 2*r + 8*r**2. Let d be z(8). Give n(d).
-7
Suppose -i = 3*p - 7*p + 55, 3*i + 35 = 2*p. Suppose 6*l = p*l. Let r(w) be the first derivative of -w**4/4 + w**3/3 - w**2/2 + 1. Determine r(l).
0
Let v(f) = 2*f - 6*f + 5 + 3*f. Suppose -78 = 5*c - 33. Calculate v(c).
14
Let o(i) = 10 - 3*i**2 + 8 - 5*i - 15 + 4*i**2. Let a(b) = -b - 2. Let c be a(-4). Determine o(c).
-3
Suppose 0 = -5*o - 10, -3*z + 5*z - 5*o = -40. Let h be (-30)/70 - z/(-7). Let f(t) = t**2 + 2*t - 4. Give f(h).
4
Suppose -4*k = -9*k. Let l(o) be the second derivative of o**6/360 - o**4/24 + 7*o**3/3 + 10*o. Let d(r) be the second derivative of l(r). What is d(k)?
-1
Let u = -189 - -191. Let z(s) = s**3 - 3*s**2 + 3*s. Give z(u).
2
Suppose -z - d + 76 = 4*z, 0 = 4*z - 3*d - 57. Let o(s) = -z - 8*s + 21 + 2*s. What is o(4)?
-18
Let l(q) = -3*q - 1. Let o(i) be the second derivative of i**3/2 + i**2/2 + 10*i. Let y(r) = -3*l(r) - 4*o(r). Calculate y(-1).
2
Let j(d) be the third derivative of -d**4/6 + 309*d**2. Let i(u) = u + 6. Let o be i(-4). Calculate j(o).
-8
Let k(h) = -h**2 + 18*h - 16. Let t be k(17). Let i(q) = 27*q**2 + q - 2. Calculate i(t).
26
Let p(y) = 0 - 2*y - 2 - 1 + y. Suppose -12 = 4*l + 12. Determine p(l).
3
Let u = -7 + 9. Suppose 12 = 3*t + 4*o, -3*o + 15 = -5*t + u*o. Let m(g) = g**3 - g**2 - g - 7. Give m(t).
-7
Suppose -12 = -m - 5*b, -5*b - 13 = -2*m - 4*b. Let p(f) = -f + 4 + 2 + m*f - f**2 - 2. What is p(7)?
-3
Let q(j) be the third derivative of -j**4/12 + 7*j**3/6 - 201*j**2. Calculate q(8).
-9
Let w(r) = 5*r + 1 + 0*r + 0*r. Suppose -26 = -q + 4*m, 5*m + 10 = 2*q - 27. Suppose -q*h + 0*h = -6. Determine w(h).
6
Let k(m) = -4*m**3 + 2*m**2 + 2*m - 2. Let p(c) = -3*c**2 + 26*c + 10. Let j be p(9). Let a(x) = -2*x**3 + x**2 - x. Let u(t) = j*a(t) - k(t). Calculate u(2).
8
Suppose 0 = 8*z - 12*z + 8. Let d(x) = 9 + x**2 - 4*x**z - 8*x - 1 + 4*x**2. Suppose -4*l + 32 = 4*n, -2*n = -4*l - 2 - 2. Give d(n).
-4
Let v(a) = a**2 - 18*a + 5. Let n(x) = -2*x**2 + 37*x - 12. Let d(k) = -2*n(k) - 5*v(k). What is d(17)?
-18
Let i = -2 - -3. Let k(m) = -1 - 4*m + 2*m + 3*m + m + 3*m. Calculate k(i).
4
Suppose n = 4*t - 13, -5*t - 9 = 3*n - 2*t. Let o(b) = 6*b + 46. Let x(r) = r + 9. Let g be (1 + 1)*(-2)/(4/11). Let w(v) = g*x(v) + 2*o(v). Calculate w(n).
-12
Let u(m) = 9*m. Let i(l) = -l. Let f(z) = -6*i(z) - u(z). Let k(a) = -a**3 + a**2 + 9*a - 11. Let v be k(3). Calculate f(v).
6
Let y(c) = -4*c**3 - c**2 - 1. Suppose -7*o + 6*o = 2. Let w be y(o). Suppose 5*l = -2*h + 5, 3*l - w = 2*h - 8. Let j(k) = -2*k - 5. What is j(h)?
5
Let t(o) = 4*o - 7. Let u be t(3). Suppose -2*y + 18 = u*m, -10*m = -6*m - 5*y + 12. Let w(k) = 5*k. Determine w(m).
10
Suppose -2*i - 14 = i - 4*l, -7 = -i - l. Let s(f) = -f**3 - f**2 - 2*f + 2 - f + 3*f**2. What is s(i)?
-4
Let g(a) = -222*a + a**3 - 2 + 223*a - 2 - 4*a**2 + 6 + 0*a**3. Determine g(3).
-4
Let m(x) = x**2 + x - 1. Let v(u) = u**3 + 6*u**2 + 5*u - 7. Let p(y) = 6*m(y) - v(y). What is p(-2)?
7
Let l be 6 - (3 + 1 - 1). Let j be (-24)/8 + l*1. Suppose 11 = 4*p - 3*n, 2*p + 2*p + 2*n - 26 = j. Let f(r) = r**2 - 6*r. Determine f(p).
-5
Let s(g) = g**3 - 3*g**2 - 2*g. Let c be s(-1). Let r(y) = -3*y**2 - y - 1. Determine r(c).
-11
Let r(w) = -5*w - 1. Suppose -4*v + 7*v - 63 = 0. Let i = v - 24. Let f = i + 4. Determine r(f).
-6
Let l(m) = 11*m. Let s be l(1). Let v(p) = -7 - 7 + p**2 + s - 5*p + 0. What is v(4)?
-7
Let h(c) = -2*c + 1. Let a(o) = o**2 - 6*o - 3. Let y(b) = -a(b) + 5*h(b). What is y(-6)?
-4
Let r(p) be the third derivative of p**4/4 - p**3/2 - p**2. Suppose 0 = -m - 5*n - 2, -2*n + 1 = 304*m - 303*m. Determine r(m).
15
Let r(i) = 32*i**2 + 14*i - 31. Let q(z) = -9*z**2 - 5*z + 10. Let d(p) = -7*q(p) - 2*r(p). Suppose -4*o + 6*a - a = -34, o = -3*a. Give d(o).
-2
Let x(i) be the second derivative of 0 + 1/6*i**3 + 1/12*i**4 - 4*i + 0*i**2. Give x(-3).
6
Let l(y) = -y. Let i be -3 - ((-108)/6)/6. Let f(p) be the second derivative of p**4/12 - p**3/6 + 3*p**2/2 - p. Let w be f(i). Give l(w).
-3
Let j be (-188)/20 + 12/(-20). Let c = 33 + -9. Let t be j/4*c/(-15). Let q(y) = -y - 3. Give q(t).
-7
Let z(h) = -2*h + 5. Let d(p) = p - 5. Suppose -a - 2*a = -6. Let l(f) = a*z(f) + 3*d(f). Let w = -88 - -81. What is l(w)?
2
Let l(d) = -d**2 - d + 1. Let c(n) = -3*n + 0 - 24*n**2 + 47*n**2 + 2 - 27*n**2. Let p = -1 + -2. Let b(a) = p*l(a) + c(a). Determine b(1).
-2
Suppose -11*a - 19*a = -120. Let u(o) = 9*o - 7. Give u(a).
29
Let h(y) = 13*y**2 - 10*y + 1. Let k(b) = 28*b**2 - 21*b + 2. Let n(d) = 13*h(d) - 6*k(d). Determine n(3).
-2
Let n(x) = -3*x**2 - 2*x + 3. Suppose -v - r - 22 = -20, -3*v + 2*r = 11. Calculate n(v).
-18
Let v(u) be the third derivative of -u**5/60 + u**4/12 + u**3/3 + u**2. Let f be (-5256)/522 + 8 - (-2)/29. Give v(f).
-6
Let w(u) = -2. Let x(y) = -y - 7. Let j(m) = -8*w(m) + 3*x(m). Determine j(-3).
4
Let b(r) be the third derivative of r**5/60 + r**3/6 - 7*r**2. Let v(o) = o**3 - 7*o**2 + 6*o - 3. Let f(p) = 2*b(p) + v(p). Calculate f(4).
7
Let s(a) = -4*a - 2. Let h(z) = 4*z + 2. Let r(f) = 3*h(f) + 4*s(f). Let v(w) = 2*w + 23. Let m = 19 - 32. Let u be v(m). Give r(u).
10
Let u(c) be the second derivative of -c**4/12 - c**3/6 + 27*c. Let p(l) = l**3 - 5. Let k(g) = p(g) - 6*u(g). What is k(-5)?
-10
Suppose 15*k - 96 = 9. Let u(q) be the second derivative of -q**2 + 0 - k*q + 1/3*q**3. What is u(2)?
2
Suppose 5*l - 64 = n, 41 = 5*l + n - 25. Let b(w) = w**3 - 14*w**2 + 12*w + 9. Give b(l).
-4
Let t(n) = n**3 + 4*n**2 - 3*n + 7. Let c(h) = 4*h - 4*h - 3*h + 4. Let o be c(-4). Suppose -2*z - 3 = a, a - z + o = -2*a. Give t(a).
-3
Let b be (-2)/(-16) - (8 + (-63)/8). Let l(d) = d**2 - 12. Calculate l(b).
-12
Let l(w) = -w**2 - 3*w + 3. Let b be l(-3). Suppose 24 = -5*n + 9*n. Let t(v) = 1 - 12 + n - v**2 - v + 9. Determine t(b).
-8
Let n(x) = 6 - 4*x - x**3 - 4*x**2 - 7*x + 14*x. Let j be (-1)/(2 + (-28)/12) - 7. What is n(j)?
-6
Let y be 4/(-14) + (-1)/21*-111. Let b(p) = p**3 - 6*p**2 + 6*p - 2. Let v be b(y). Let u(x) = -x**3 + x**2 + 4. Determine u(v).
-14
Let g(t) = 8*t - 4. Suppose -19*y = -27*y - 608. Let p = y + 79. Calculate g(p).
20
Let b(l) be the second derivative of -l**3/3 - 2*l**2 - 152*l. Calculate b(5).
-14
Let x(z) be the second derivative of 13*z**3/6 + 24*